9
Suppose 11*a = 9933 + 6424. What is the units digit of a?
7
Let p(f) = -8*f + 2. Let w be p(0). Suppose -3*a = -15, -w*a + a + 87 = 2*m. What is the units digit of m?
1
Let z be (-447)/(-3) + 2 + (-2 - 1). Suppose -56 = -2*q + 3*a + 240, -a + z = q. What is the hundreds digit of q?
1
Let r = -8 - -12. Let h(z) = 4 + 8 + 4*z - r. What is the units digit of h(4)?
4
Let n(m) = -13*m + 8*m + 3*m**2 + 2 + m + 0*m. What is the units digit of n(-4)?
6
Let s(u) = u**3 + 2*u - 3. Let q(i) = 4*i - 4 - 4*i + i + 17. Let o be q(-11). What is the units digit of s(o)?
9
Let h = -436 - -787. What is the tens digit of h?
5
Let n = 52 - 32. Suppose -21*i + n*i = -13. What is the tens digit of i?
1
Suppose 0*n + 3*n - 45 = 0. Let p be ((-18)/n)/(1/(-20)). What is the units digit of 4/p - (-101)/6?
7
Suppose -17 = -x - 2*n - 2*n, -2*n + 2 = 0. Suppose 7*v - x*v = -108. What is the units digit of v?
8
Let j(p) = 326*p**2 - 16*p - 15. What is the hundreds digit of j(-1)?
3
Suppose u = -x - 2, -5*u - 8*x - 5 = -4*x. Suppose 0 = -c - u*c + 236. What is the tens digit of c?
5
Let g(t) = -t**3 + t. Let b(m) = 1 + 14*m + m**2 - 7*m - 5*m**2. Let q(i) = b(i) + g(i). What is the units digit of q(-6)?
5
Suppose -32*l + 38*l = -30. Let b(n) = -5 - 2*n + n + 6*n**2 + n**3 + 2*n. What is the units digit of b(l)?
5
Let i(t) = -t**2 + 14*t + 21. Suppose 5*w - m + 0*m = 268, -w - 5*m = -64. Suppose 3 = -z + 3*f + 24, 5*z - w = -2*f. What is the tens digit of i(z)?
4
Suppose 0 = 3*j - 5*p - 5269, 0 = 102*j - 106*j + 2*p + 7030. What is the thousands digit of j?
1
Suppose 2*o - 31 = -3*o - g, o = -5*g + 11. What is the tens digit of (1340/(-8) - 4)/((-3)/o)?
4
Let t = 10 - 14. Let s(q) = 6*q**2 + 2*q - 11. What is the tens digit of s(t)?
7
Let z = 599 + -116. What is the tens digit of z?
8
Let u = -7479 + 13732. What is the tens digit of u?
5
Let a = -318 - -803. Suppose 2*o + 4 = 2, -5*o + a = 5*c. What is the tens digit of c?
9
Let j(c) = -c**3 + 11*c**2 - 16*c + 68. What is the tens digit of j(9)?
8
Let p = 307 - 145. What is the units digit of p?
2
Suppose -i + 199 = -0*i + 3*g, 3*g - 760 = -4*i. Suppose 5*x + i = 12. Let o = x - -66. What is the tens digit of o?
3
Suppose 0 = -7*k + 6*k + 3. Suppose k*y + 12 = -3*d, -3*d = 2*y - 6*y - 16. Suppose d = -q - 4 + 25. What is the tens digit of q?
2
Let t be (-12 - 0)*10*10/(-8). Let s = -80 + t. What is the tens digit of s?
7
Let q(v) = -v**3 + 3*v**2 + 3. Let j be q(3). Suppose j*n - 8 = n. Suppose -12 = n*f - 32. What is the units digit of f?
5
Suppose 4*a = -5*a - 9. What is the units digit of (0 + a)*-2 - -90?
2
Let q(l) = l + 16. Let h(w) = w + 17. Let f(i) = 6*h(i) - 7*q(i). Let s be f(-15). Suppose s*n = -18 + 88. What is the units digit of n?
4
Suppose 12*z - 5082 - 3246 = 0. What is the hundreds digit of z?
6
Suppose 0 = -4*j + 13*j. Let l(m) = -m**2 + 3*m - 34. Let h(s) = -2*s**2 + 5*s - 68. Let i(f) = -4*h(f) + 7*l(f). What is the units digit of i(j)?
4
Suppose 0 = -4*u - w + 1059, -3*u = w - 0*w - 795. Suppose h = -h + u. What is the units digit of h?
2
Suppose 50 = 5*g + 3*t - 2*t, 0 = 5*g - t - 60. Let s = g - 8. Suppose 3*h - 5*v + 16 = 0, 2*h + s*v + v - 26 = 0. What is the units digit of h?
3
Suppose g - 68 = -4*m - g, 4*m - 56 = 4*g. Let k = -14 + m. Suppose 6 = -k*u + 24. What is the units digit of u?
9
Let f = -24 - -36. Suppose 0 = 5*w - 3*h + f, -3*h + 14 = -w + 2. Suppose w = 5*r + 182 - 452. What is the tens digit of r?
5
Suppose 6*g - 5340 = 13272. What is the thousands digit of g?
3
Suppose 0 = s + 3*k - 408, -4*s = -0*s + 5*k - 1611. What is the tens digit of s?
9
Let k be ((-6)/10)/((-1)/45). Let q = k - 23. Suppose 4*z = -3*f + 259, q*f = 6 - 18. What is the tens digit of z?
6
What is the tens digit of 1 - 7/((-63)/4950)?
5
Suppose -2*k + 4*a = -1196, k + 0*k - 5*a - 598 = 0. What is the tens digit of k?
9
Let a(c) be the first derivative of 5*c**2 - c - 2. Let b be a(-4). Let q = b - -57. What is the tens digit of q?
1
Let w = -191 + 322. What is the tens digit of w?
3
Let n(y) = y**3 - y**2 + 9. Let t(b) = b**3 - b**2 + 4. Let k(m) = 2*n(m) - 5*t(m). What is the tens digit of k(-2)?
3
Let g(a) = a + 7. Let t be (-57)/(-4) + 4/(-16). Suppose 5*b + t + 16 = 0. What is the units digit of g(b)?
1
Suppose 0 = -2*s + 6*s - 7372. What is the tens digit of s?
4
What is the units digit of 12/(-102) - (-1 + (-66580)/68)?
0
Suppose -5*p = -0*p - 10. Suppose -4*f = -i + 107, -p*i + f = -4*f - 202. What is the tens digit of i?
9
Let h = 280 - -330. What is the tens digit of h?
1
Suppose y - 155 + 70 = 0. What is the tens digit of y?
8
Let d be 0/((-5 - -2)*6/18). Suppose d = 4*a - 5*a, -4*a = -3*z + 384. What is the hundreds digit of z?
1
Let g(y) = 4*y - 4 + 2*y**2 + 0*y**2 + 0 + y**2. Suppose k + 0*b + 2 = -b, 0 = -3*k - 2*b - 1. What is the units digit of g(k)?
5
What is the units digit of (198/(-165))/(4/(-450))?
5
Let u be (-29 + 1)*2/(-4). Let a = 8 - u. Let v = -2 - a. What is the units digit of v?
4
Let n = 64 - 61. Suppose n*z - 5*b = -3*b + 401, 0 = -z - 5*b + 145. What is the tens digit of z?
3
Suppose 3*f - 388 = 7496. What is the hundreds digit of f?
6
Suppose 2*q - 9 - 23 = 0. Let h be 6/(-27) - 546/(-27). Let b = q + h. What is the tens digit of b?
3
Let q(l) = -l**2 + 13*l + 50. What is the tens digit of q(12)?
6
Let n be (-222)/(-78) - (-4)/26. Suppose -f + 42 = -3*q, 5*f = 9*f - n*q - 186. What is the tens digit of f?
4
Let k be (-1773)/(-27) - 2/(-6). Let v = -38 + k. What is the tens digit of v?
2
Suppose -2*n - 9*o + 16 = -5*o, -3*n = -2*o + 16. What is the tens digit of -110*n/(-7)*14/(-8)?
5
Let c = 3829 - 2601. What is the thousands digit of c?
1
Suppose 4*h - 5*o - 364 = 0, -4*h + 2*o + 376 = -0*h. Suppose q + h = 3*q. What is the units digit of q?
8
Suppose -5*t - 15 = 0, -3*m + 4*t + 1520 = m. Let x = -171 + m. What is the hundreds digit of x?
2
Suppose -2*y - 52 = 2*n, -3*y - 76 - 8 = 5*n. Let j = y + 24. What is the units digit of j?
1
Suppose 2*z + 7*t = 3*t + 4, 2*z = -t + 4. Suppose -m = -z*m + 1. What is the units digit of (-3 + 0 + 9)/m?
6
Let y(r) = r**3 + 7*r**2 + 3. Let f be y(-6). Suppose j + 98 = l, -4*l + 0*j = -3*j - 394. Let c = l - f. What is the tens digit of c?
6
Let f = 234 + -84. Suppose -704 = -4*w - 4*t, 526 + f = 4*w - 3*t. What is the units digit of w?
2
Let o = -8 - 4. Let s(w) = 25 + 2*w**2 - 17*w + 5*w - 15 - 3*w**2. What is the units digit of s(o)?
0
Let h be 20/25 - (2/(-10) + -2). Suppose -5*k = 2*m - 230, k - 2*k + h*m = -29. What is the tens digit of k?
4
Let h(v) = -v**2 - 16*v + 88. What is the units digit of h(-17)?
1
Let w = -89 - -143. Let m = 98 - w. What is the units digit of m?
4
What is the thousands digit of ((-216)/78)/18 + 28110/26?
1
Let k(y) = -y**3 - 6*y**2 + 8*y - 2. Let t be k(-7). What is the tens digit of 3/t + 121/3?
4
Suppose 5*i = 2*f + 239, 0 = -3*f - 0*f - 3*i - 369. Let s = 198 + f. What is the tens digit of s?
7
Let u(t) = -645*t + 120. What is the tens digit of u(-4)?
0
Suppose 3*i - 3*z = 1326, -2*i - z = 4*z - 856. What is the hundreds digit of i?
4
Suppose 2*u + 30 = 4*o, 4*u = 5*o - 25 - 23. Let q(j) = -3*j + 2. What is the tens digit of q(u)?
2
Suppose 5*s = 4*b + 1560, 274 = 4*s + 2*b - 948. What is the hundreds digit of s?
3
Let a be (2 - (-5 - -9)) + 14. Suppose -15*z = -a*z - 243. What is the tens digit of z?
8
Suppose -r + 2*c - 9 = 0, -2*c + c - 56 = 5*r. Let m be ((-30)/9 + 8)/((-2)/(-9)). Let l = r + m. What is the tens digit of l?
1
Suppose 4*m - 64 = -2*o, -5*o + 182 = 3*m - 4*m. Let d = -29 + o. What is the units digit of d?
7
What is the units digit of (-6330720)/(-2750) - (-2)/(-25)?
2
Suppose 0 = -5*c - 4*q + 20, -2*q = -5*c + 2*c - 10. Suppose 8*f - 11*f - 6 = c. What is the units digit of ((-6)/12)/(f/100)?
5
Suppose -3*c + 2*k = -87, c - 2*k = -3*c + 118. Let d = c - 31. Suppose 3*p - 38 - 70 = d. What is the tens digit of p?
3
Let b(i) be the third derivative of -i**6/120 + 13*i**5/60 - 11*i**4/24 + 5*i**3/6 - 2*i**2. What is the units digit of b(11)?
6
Let b(p) = p**3 - 5*p**2 - p + 6. Let r be b(4). What is the units digit of (-2)/(-3)*(-357)/r?
7
Let r = -49 + 363. What is the units digit of r?
4
Let g = 899 + -489. What is the hundreds digit of g?
4
Let t = -14 - -12. Let w be t/(-7) - (-1809)/